 (12/n)/((-1)/5). What is m(u)?
2
Let y(f) be the first derivative of f**4/4 - 2*f**3 - f**2 - 5*f + 1. Let r(h) = h**2 + 11*h - 96. Let d be r(6). Calculate y(d).
-17
Let u(m) be the first derivative of m**5/60 - 5*m**4/24 - m**3 + 2*m**2 - 6. Let x(b) be the second derivative of u(b). Give x(5).
-6
Let c be ((-14)/(-5))/((-2)/(-5)). Let b(i) be the first derivative of -i**4/4 + 2*i**3 + 3*i**2 + 4*i + 5. Determine b(c).
-3
Let q(s) = -s**3 + s**2 + 3 + 2*s**2 - s + 0. Let x(w) = 19*w**3 + w**2 - 2*w + 1. Let m be x(1). Suppose -m = -5*i - 4. What is q(i)?
0
Let r(x) be the first derivative of 3*x**2 + 26*x + 59. What is r(-4)?
2
Let d(b) = 4*b**3 + 22*b**2 - 10*b + 33. Let a(o) = -o**3 - 7*o**2 + 3*o - 10. Let z(m) = -7*a(m) - 2*d(m). Let c = -7 - -11. What is z(c)?
16
Let a(q) = -2*q + 7. Let m = 23 - 18. Suppose -2*p + u = -2*u - 25, m*p = -u + 20. Let c be a(p). Let i(y) = -5*y - 1. What is i(c)?
14
Let c = 5 + -1. Suppose -i = 3*k + 10, c*i = 7*k - 2*k - 6. Let g(m) = -4*m - 3. Let z(u) = -9*u - 6. Let f(q) = 7*g(q) - 3*z(q). Calculate f(i).
1
Let a(p) = -p**3 - 7*p**2 - 7*p - 2. Let j be a(-6). Let g(h) = -13*h - 7*h - 2 + 30*h - 9*h. What is g(j)?
2
Let n(d) = -d**2 + 2*d + 8. Suppose 11*g - 105 = 6*g. Let x = g + -15. Give n(x).
-16
Let j(h) = -78*h**2 - h**3 + 17 + 29*h**2 - 2*h + 29*h**2 + 26*h**2 + 6*h. Give j(7).
-4
Let p(h) = h**2 + 3*h - 6. Let d(a) = -1. Suppose 0 = -j - 3*j + 3*r + 16, -5*j - 11 = 4*r. Let b(x) = j*p(x) - 5*d(x). Determine b(-4).
3
Let f(s) = -2*s**2 + 2*s - 1. Let a be (-1)/2 - (-20)/40. Suppose 5*l = t - 21, a*l + l = -4*t. What is f(t)?
-1
Let c(r) = 3*r + 20. Let m(b) = -3*b - 17. Let p(g) = 5*c(g) + 6*m(g). Calculate p(-3).
7
Let k(w) = w**2 + 7*w + 6. Let c be k(-6). Let u = 2 - c. Let b(a) = 3*a**u - 4*a**2 - 3 + 0*a**2. Give b(3).
-12
Suppose 4*q + 1 = 5*w + 29, -7 = -q + 5*w. Let u(c) = c - 9. Give u(q).
-2
Let h = -216 + 218. Let q(z) = 2*z**2 - z. Give q(h).
6
Let j(p) be the first derivative of p**4/4 - 2*p**3 - 5*p**2/2 - 48. Give j(7).
14
Suppose 0*m + 10 = 5*m. Let z(v) = -7*v + 6 - v**2 + 2*v**2 + 5*v**m - v**3. Let j(t) = t**3 - 13*t**2 - 21*t + 102. Let k be j(14). Determine z(k).
10
Let g(s) = -s + 6. Suppose -6*k - 104 = -140. Calculate g(k).
0
Let f = -205 - -127. Let g = f - -87. Let p(r) = r**3 - 8*r**2 - 6*r - 8. What is p(g)?
19
Let f(m) = m**2 - 5*m + 5. Let j be f(5). Let g(s) = -4*s - 5. Let d be g(-2). Let r = d - j. Let q(y) = -y**3 + 2*y. What is q(r)?
4
Suppose -38 = -5*z - 2*o - 5, z - 4*o = -11. Suppose -6*d = -z*d - 2. Let k(x) = -2*x**3 + 6 + 2*x**3 + 6*x**d + x**3 + 2*x. Give k(-6).
-6
Suppose 6*n = 3*n + 2*p - 6, 4*n + 8 = -5*p. Let k(j) = j**2 + 3*j + 4. Give k(n).
2
Let x(a) = 4*a + 41. Let r(k) = -k - 14. Let v(t) = -7*r(t) - 2*x(t). Let f = -641 - -653. Calculate v(f).
4
Let f(z) = -5*z + 5. Let u(q) = -6 + 16 - q - 6*q - 2*q. Suppose -2*b + 5*b = 5*g - 29, -4*g + 22 = -3*b. Let p(l) = g*f(l) - 4*u(l). Give p(0).
-5
Let y(u) = -12*u**3 - u**2 + 7*u - 9. Let g(o) = -5*o**3 + 3*o - 4. Let s(b) = 7*g(b) - 3*y(b). What is s(-2)?
3
Let j(i) be the third derivative of -i**5/60 - 5*i**4/12 - 11*i**3/3 + i**2 + 61*i. What is j(-5)?
3
Let s(t) = t**3 + 2*t**2 - t + 1. Let v be -2 + (-3 - (12 + -3)). Let f be -6*(v/(-4) - 3). Calculate s(f).
-5
Let u(w) = -w - 3. Let z = 14 + -11. Suppose 2*s = -s - z*s. Give u(s).
-3
Let o be (-6 + 52/8)*(-32)/4. Let d(m) = -m**3 - 3*m**2 + 3*m - 6. Calculate d(o).
-2
Let i be 0/(2/(-2)*1 + 3). Suppose 0 = 2*m, 5*h - m - 3*m + 25 = i. Let f(p) be the first derivative of p**3/3 + 3*p**2 - 1. Calculate f(h).
-5
Let j(d) = -d - 6. Let p be j(-9). Let v(k) = -5*k - p*k**2 + 2*k**2 - 3 + 4*k**2 - 2*k**2. Let r be v(5). Let s(x) = x**3 + 4*x**2 - x - 4. Determine s(r).
8
Let f(q) be the third derivative of q**6/120 - q**5/20 - q**3 + 22*q**2. What is f(3)?
-6
Let p(q) be the second derivative of q**4/12 - 5*q**3/6 - 6*q. Suppose -10*y = -6*y - 24. Give p(y).
6
Let r(f) be the second derivative of f**4/12 + 7*f**3/6 - 7*f**2/2 - f. Let w be 33/(-7) - 2 - (-16)/(-56). Calculate r(w).
-7
Let o be 60/(-18)*(-6)/4. Let c(l) = -l. Let r(s) = 2*s - 6. Let y(w) = c(w) + r(w). Calculate y(o).
-1
Let j(u) be the second derivative of -u**3/2 - 17*u**2/2 - 8*u. Let d be j(-6). Let g(a) = -9*a**3 - a**2. Give g(d).
-10
Let q(u) be the third derivative of -u**5/60 - u**4/8 - 7*u**3/6 - 3*u**2. Let l(k) be the first derivative of q(k). Suppose 0*f = -f - 6. Determine l(f).
9
Let l(z) = -z**2 - 4*z + 1. Suppose -u + 112 + 155 = -2*p, -3*u + 670 = -5*p. Let a = p + 128. Determine l(a).
4
Let o(s) = s**3 - 4*s**2 - 4*s - 2. Suppose -3 = r + 8. Let b(m) = -2*m**3 + 9*m**2 + 9*m + 4. Let y(k) = r*o(k) - 6*b(k). Give y(11).
9
Let g(t) = 34*t + 1. Let o(k) = -k**2 + 21*k - 55. Let b be o(18). Calculate g(b).
-33
Let b(q) = -q**3 + 7*q**2 + 5*q - 28. Let z be b(7). Let n(p) = -2*p. Determine n(z).
-14
Let q(g) = -2*g + 2. Let s(o) = -8*o + 18. Let l(y) = 5*q(y) - s(y). Give l(-6).
4
Suppose -3*l = -s - s - 31, l + 1 = -5*s. Let q be 0 - (0 + -3 - l). Let t = q + -12. Let x(r) = -r + 1. Determine x(t).
1
Let x(v) = -2*v**2 - 2 + 4*v + 0*v + 6 + v. Let c(t) = 3*t + 14. Let p be c(-3). Calculate x(p).
-21
Let c be ((-4)/6)/(4/(-30)). Suppose -4 - 6 = -2*x. Let i(g) = 5*g - 7*g - g + x + 2*g. Calculate i(c).
0
Let d(y) = y + 2. Let n(c) = 2*c + 1. Let o(b) = -3*d(b) + 2*n(b). Suppose 14*j - 36 - 34 = 0. Determine o(j).
1
Let x(l) = l**2 - l. Let i(a) = 8*a**3 - 5*a**2 + 6*a + 1. Let f(u) = i(u) + 5*x(u). Give f(-1).
-8
Suppose 14 = 4*i - 2*o, -9 = -4*i - 0*i + 3*o. Let w(u) = u**2. Let q(y) = 7*y**2 - y + 3. Let h(r) = i*w(r) - q(r). Determine h(3).
-9
Suppose 8 = -33*l + 140. Let w(m) = -m**3 + m**2 - m - 2. Give w(l).
-54
Let p(t) = -t**2 + 2*t**2 + 962 + 7*t - 960. Suppose -3*z + 4*z + 5*c = -7, z + 3*c + 7 = 0. Calculate p(z).
2
Let b(s) = 19*s**2 + 13*s**2 - 2 + 3*s - 30*s**2. Determine b(1).
3
Let f(w) be the second derivative of w**3/2 + 2*w**2 + 68*w. Calculate f(3).
13
Suppose -o + 1 = -2*o. Let g = -1 - o. Let d(z) = z**2 - 4*z - 5 + 1 + 5*z - z**3. Give d(g).
-4
Let s(l) = -l - 7. Let b(u) be the first derivative of u**2/2 + 7*u + 7. Let v(d) = 6*b(d) + 7*s(d). What is v(-5)?
-2
Let h(z) = -z + 10. Let w be 4 - (6/8 + (-175)/(-28)). What is h(w)?
13
Let q(x) = -x**2 - 5*x + 5. Let a be q(-5). Suppose 5*t = 4*w + 15, -3*t + 9 = 10*w - 9*w. Let y(p) = p + a - 1 - t*p. What is y(5)?
-6
Let s(t) = -3*t**3 - 68*t**2 - 43*t + 25. Let u be s(-22). Let v(j) = j**2 + 2*j - 4. Give v(u).
11
Suppose -3*q + 5 = -4. Suppose -2*u = 4*l - 32, -l - q*u = 3*l - 34. Let o(k) = k - 10. Determine o(l).
-3
Suppose -g = 5*p - 12 - 5, -2*p = -4*g - 20. Let w(z) = 5 + 10 - 11 + 220*z - 228*z. Give w(g).
28
Let d(k) = k**2 - 19*k + 80. Let m be d(6). Let s(g) = -g**m - 35*g + 37*g - 4 + 0. Determine s(3).
-7
Let v(g) = g**2 + 11*g + 13. Let p be (-38)/4 + 2/(-4). Give v(p).
3
Let j(t) = -4*t**3. Suppose 6*r = 38*r + 64. Give j(r).
32
Let g(s) = 12*s**2 + 454*s - 66. Let b be g(-38). Let k(q) be the second derivative of -b*q + 0 - q**3 - 5/12*q**4 + 1/20*q**5 + q**2. Give k(6).
2
Let n(j) be the second derivative of -6*j - 2*j**2 + 0 + 1/3*j**3. Let o(k) = -k - 4. Let r be o(-9). Calculate n(r).
6
Let z(c) be the first derivative of c**4/4 + 5*c**3/3 + 3*c**2/2 + 2*c - 210. What is z(-5)?
-13
Let t be 1/4 + (-45)/20. Let j(h) = -3*h + 1. What is j(t)?
7
Suppose 2*q - 9 = -3*x, q + 3*q + 9 = 3*x. Suppose q = -7*w - 0*w + 7. Let d(f) = -2*f**2 + f. Give d(w).
-1
Let p(t) = 11*t + 2. Let g(o) = 21*o + 4. Let a(j) = -6*g(j) + 11*p(j). Suppose -407*f + 16 = -399*f. Calculate a(f).
-12
Let l(t) = -13*t**3 + t**2 - t + 1. Suppose 2*h + 20 = -12. Let o = -15 - h. Calculate l(o).
-12
Let z(g) be the second derivative of -g**3/3 + 5*g**2/2 + 7*g - 2. What is z(-5)?
15
Let c(j) = -38 + 125 + 2*j - 42 - 41. Calculate c(-4).
-4
Let j(u) = 3*u + 6. Let m be j(0). Let d(p) = -m*p**2 + 0*p**2 - 4*p**2. What is d(1)?
-10
Let r be 16*(11 - (-273)/(-26)). Let f(q) = -q**3 + 7*q**2 + 9*q - 14. What is f(r)?
-6
Let g = -4 + 9. Suppose -5*k - 12 = -9*k, -5*s + g*k = 30. Let b(x) = -x**3 - x**2 + 4*x + 1. Determine b(s).
7
Let d(b) = -24*b**2 - b - 1. Let u(t) = -11*t - 2. Let v be u(-2). Suppose 0 = -9*w - 1